**2 + 9*h + 10. Let r be t(-8). Suppose -s - 33 = -r*s - n, -5*s + 2*n = -137. What is the units digit of s?
9
Let j(a) = -387*a**3 + 4*a**2 + 5*a + 8. What is the thousands digit of j(-2)?
3
Let d(c) = -c**3 - 78*c**2 + 107*c + 226. What is the hundreds digit of d(-80)?
4
Let o(v) = 4. Let h(c) = c + 7. Let k(l) = 4*h(l) - 9*o(l). Suppose 13 - 1 = 2*a. What is the tens digit of k(a)?
1
Let i(h) = 2*h - 8. Let s be i(4). Suppose s = 2*x - 0 - 48. Let g = x + 35. What is the tens digit of g?
5
Let k(s) = -87*s**3 + 2*s**2 + s - 4. What is the units digit of k(-2)?
8
Let d(h) = 185*h**2 - 3*h + 4. What is the hundreds digit of d(-2)?
7
Suppose -7 = -4*f + 13. Suppose g = -4*k - 1 + 33, f*g - 2*k - 94 = 0. Suppose 2*m - 38 = -3*x, 0 = x - 6*m + 3*m - g. What is the units digit of x?
4
Suppose 114 = -3*a - 69. Let h = -116 - a. What is the tens digit of (-670)/h + (-4)/22?
1
Suppose 18*d + 27*d - 15165 = 0. What is the hundreds digit of d?
3
Let k = 562 - 320. What is the tens digit of k?
4
Let v(u) = -5*u - 1. Suppose -3*p - t - 1 - 4 = 0, -1 = -3*p + 2*t. Let d be v(p). Suppose 2*i = -10, d*x = 5*x + 2*i + 8. What is the units digit of x?
2
Let w(r) = -657*r + 22. Let c be w(-10). What is the units digit of 2/(-5) - c/(-80)?
2
Suppose 46682 - 692 = 21*m. What is the hundreds digit of m?
1
Suppose -5*l + 415 = -0*l. Let g = -48 + l. What is the tens digit of g?
3
Let l(r) = -4*r - 11. Let i be l(-9). Let y = -17 + i. Suppose 3*f + 150 = y*f. What is the units digit of f?
0
Suppose i + 2*m - 1379 = 0, 3*m = 4*i - 2014 - 3480. What is the hundreds digit of i?
3
Suppose -5720 = -4*q - 7*q. What is the units digit of q?
0
Suppose 4*n + 2*m + 0*m = 14, -3*m = -n - 7. Suppose 0 = 3*s - n*a - 77, 3*s - 141 = -2*s - 3*a. What is the tens digit of (-4)/18 + 627/s?
2
Suppose 359 = -g + 1069. What is the hundreds digit of g?
7
Let t(a) = 84*a**2 - 11*a + 22. What is the tens digit of t(2)?
3
Suppose -2*q + 3728 = 3*t, -14*t - 1240 = -15*t + 2*q. What is the units digit of t?
2
Let b(y) = -3*y + 9. Let o be b(2). Suppose 2*i = 10, 2*t + 5*i - 54 = o*i. What is the units digit of t?
2
Let r be 1 + ((-1)/(-1) - 2). Let s(p) = 17*p + 357. Let o be s(-19). Suppose r = 4*x - 4*d - 8, d = 5*x + 2*d - o. What is the units digit of x?
6
Let h = 1187 - 1039. What is the tens digit of h?
4
Let g(w) be the third derivative of -w**5/60 + 5*w**4/6 + 4*w**3/3 + 14*w**2. What is the tens digit of g(15)?
8
Let d(c) = -c**2 + 8*c + 3. Let l be d(11). What is the hundreds digit of ((l/(-4))/(-5))/(10/(-1140))?
1
Suppose q = 3*j - 520, -j = -0*j + 3*q - 180. Let z = 110 - j. Let n = -20 - z. What is the tens digit of n?
4
What is the units digit of (-2)/(-10) + (-33380)/(-100)?
4
What is the hundreds digit of 0 + 368 + -7 + 4?
3
Let o be (-6)/((27/(-10))/9). What is the tens digit of 2/10 + 2256/o?
1
Suppose -15*s + 31*s = 14928. What is the hundreds digit of s?
9
What is the units digit of (-2)/12*-4551 - 2/(-4)?
9
Let u be ((-65)/3)/(12/36). Let r = 5 - u. What is the units digit of r?
0
Let r = -339 - -819. What is the tens digit of r?
8
Let r = 49 - -1355. What is the thousands digit of r?
1
Let i(f) = -2*f + 2 - 2 - 3 + 2*f**3 + f**2. What is the units digit of i(3)?
4
What is the units digit of ((-657 + -1)/7)/(-2)?
7
Let q(v) = 5 - 22*v**3 + 7*v + 5*v**2 + 0*v**2 - 7*v**2. What is the tens digit of q(-2)?
5
Let v(k) = -k**2 + 10. Let m be v(-4). What is the units digit of 52/(-10)*(0 - (56 + m))?
0
Let u(k) = 9*k**2 + 53*k + 29. What is the thousands digit of u(-15)?
1
Let l(b) = b**3 - 2*b**2 - 17*b - 7. Let d be l(-4). What is the tens digit of 462*(d/(-10) + -3)?
3
Let t(n) = 19*n**2 + 2*n - 1. Let c be (-20)/8 + (-1)/(-2). Let z be c/3 - (-5)/3. What is the tens digit of t(z)?
2
Suppose 0 = 3*i + 9, -26*j - 3*i + 2161 = -21*j. What is the tens digit of j?
3
Let l(r) be the third derivative of 0*r + 0 + 5/3*r**3 - 7*r**2 + 1/60*r**5 - 17/24*r**4. What is the units digit of l(17)?
0
Suppose -6*r + 9*r = 0. Suppose -3*d + o + 267 = r, -6*o = -o + 15. What is the tens digit of d?
8
Suppose 0*b = -5*b + 2*a - 4, 0 = -4*b + 5*a - 10. Suppose u + b = 4, k - 24 = -5*u. Suppose 2*x + 13 = p - 7, 2*x = k*p - 98. What is the units digit of p?
6
Suppose -3320*q - 12390 = -3326*q. What is the thousands digit of q?
2
Let k(c) = c**2 - 5*c - 66. What is the units digit of k(-18)?
8
Suppose 7*c - 5*c - 8662 = 0. What is the hundreds digit of c?
3
Let j(h) = h**3 + 2*h**2 - 2*h. Let d be j(-2). Suppose d*b - 45 = -3*q, 4*b - 42 = 5*q + 11. Let n = b + 8. What is the tens digit of n?
2
Let v(b) = 113*b + 20. What is the hundreds digit of v(4)?
4
Suppose 4*c = 6 + 2, -5*g + c = -33. Suppose -4*b - 402 = -g*b. What is the units digit of b?
4
Let a(d) = -2*d**2 - 6*d + 3. Let h be a(-8). What is the units digit of h/(-33) - (-2)/3?
3
Suppose 5*y - 3*q - 879 = 0, 4*y + 3*q - 693 = 2*q. Let r = y - 19. What is the units digit of (-9)/6 + r/10?
4
Suppose a = -3*i + 4*a + 1635, -3*i = a - 1627. What is the hundreds digit of i?
5
Let a(h) = 3*h**2 + 3*h - 4. Let d be -2*(-3 + 1 + 1). Suppose 5*v = d*v + 9. What is the tens digit of a(v)?
3
Let s = 3822 + -957. What is the units digit of s?
5
Suppose 0 = -0*y - 2*y - 18. Let s(h) = h**2 + 11*h + 6. Let p be s(-13). Let d = y + p. What is the tens digit of d?
2
Let r be 93/33 - ((-6)/33 + 0). Suppose 3*n = 7 - 1, 4*t - r*n = 226. What is the tens digit of t?
5
Let v = 17 + -17. Let u(w) = w**3 + 2*w**2 - w + 57. Let s be u(v). What is the tens digit of (6 - 2)/(6/s)?
3
Suppose -35477 + 3390 = -11*w. What is the tens digit of w?
1
What is the hundreds digit of ((-69 - 4)*1)/(3/(-12))?
2
Let g(p) = -1196*p**3 - 3*p**2 + p + 2. What is the units digit of g(-1)?
4
Let j(u) = u**2 - u - 1. Let p be j(-2). Let a(v) = -p + 3 - 21*v + 4. What is the tens digit of a(-3)?
6
Let h = -61 - -150. Suppose -2*n - 2*o = o - 182, -n + h = 2*o. What is the units digit of n?
7
Suppose 0 = -7*j - 308 - 714. What is the tens digit of j/(-6) - 1/3?
2
Let d be -2*(-152 - (-15)/5). Let f = d + -160. What is the tens digit of f?
3
Suppose 4*h + 2*k + 2*k = 704, -4*h - 5*k + 708 = 0. What is the tens digit of h?
7
Let h(t) be the third derivative of -3*t**4/8 + t**3/2 + 2*t**2. Let n be 25/30*-9 + (-3)/(-2). What is the units digit of h(n)?
7
Suppose -41 = -5*k + 104. Suppose -3*z + 5*t - k = -5*z, -4*t = 4*z - 28. Suppose -5*h = 2*j - 82, 3*j = -z*h + 64 + 48. What is the units digit of j?
6
Suppose 0 = n + n + 8, -4*b + n = -524. Suppose -7*t + 1800 = 5*t. Suppose b = 5*j - t. What is the tens digit of j?
5
Let z be (-50)/(-75) - 7648/6. Let k = z + 828. What is the tens digit of (-4)/34 + k/(-34)?
1
What is the hundreds digit of (-17)/34*1960/(-1)?
9
Suppose 1957 = 4*r + j, 0*j + 1479 = 3*r - 3*j. What is the hundreds digit of r?
4
What is the units digit of (0 + 30)*(-3430)/(-147)?
0
Let j = 689 - 369. What is the hundreds digit of j?
3
Let u be 66/(-16) - 1/(-8). Let b(l) = -l**3 - 5*l**2 - 4*l - 5. Let z be b(u). Let f(a) = a**3 + 8*a**2 + 2*a - 7. What is the units digit of f(z)?
8
Suppose -1663 = -4*w + 521. Let i = -388 + w. What is the hundreds digit of i?
1
Suppose 0 = 14*h - 25745 - 8135. What is the thousands digit of h?
2
Let u(g) = g**3 - 23*g**2 - 19*g - 79. What is the tens digit of u(24)?
4
Let k be (-28)/(-21)*(-9)/(-6). Suppose 2*h - 2*x = -x + 276, -5*h = -k*x - 688. What is the hundreds digit of h?
1
Let a be 166/(-4) - 18/12. Let d = 71 + a. What is the tens digit of d?
2
Let u(l) = 7*l - 2. Let c be u(1). Let n(a) = a**2 - a + 12. What is the tens digit of n(c)?
3
Suppose -45 = -13*p + 8*p. Let l(r) = -r**2 + 16*r + 2. What is the tens digit of l(p)?
6
Suppose -1 + 5 = 4*f. Let i be 4/(-16) + f/4. Let k = 3 - i. What is the units digit of k?
3
Let k(f) = 3*f**2 + 14*f - 10. What is the units digit of k(-10)?
0
Let v = 62 - 57. Suppose 10 - 44 = -2*a - f, a + 5 = v*f. What is the units digit of a?
5
Suppose u - 300 = -3*u. Let n = -100 - -107. Suppose n*r - u = 2*r. What is the units digit of r?
5
Let z = 100 + -22. Suppose 0*a = 2*a - z. What is the tens digit of 42/(-4)*(-104)/a?
2
Suppose 3*v - 24 = 4*d, 0 = -4*d + 7*v - 3*v - 20. Let q = d - -13. Let h(y) = 2*y**2 - y + 3. What is the tens digit of h(q)?
3
Let n(u) = -u + 16. Let w = 4 +